{"id":6532,"date":"2023-06-05T19:59:49","date_gmt":"2023-06-05T18:59:49","guid":{"rendered":"https:\/\/www.mudanzascontrol.com\/avis-legal\/"},"modified":"2023-06-05T19:59:49","modified_gmt":"2023-06-05T18:59:49","slug":"avis-legal","status":"publish","type":"page","link":"https:\/\/www.mudanzascontrol.com\/ca\/avis-legal\/","title":{"rendered":"Av\u00eds Legal"},"content":{"rendered":"<h1>AV\u00cdS LEGAL<\/h1>\n<p>En compliment amb el deure d&#8217;informaci\u00f3 recollit a l&#8217;article 10 de la Llei 34\/2002, d&#8217;11 de juliol, de Serveis de la Societat de la Informaci\u00f3 i del Comer\u00e7 Electr\u00f2nic (LSSICE), el propietari del web , l&#8217;informa del seg\u00fcent:<\/p>\n<p>Denominaci\u00f3 social: Consorci de Tr\u00e0nsit i Organitzaci\u00f3 Log\u00edstica a Mudanzas, S.L.U.<\/p>\n<p>NIF: B61104253<\/p>\n<p>Domicili: Av. Prat de La Riba N\u00ba186 Nau 6, 08780 &#8211; Palleja (Barcelona) <\/p>\n<p>Inscrita al Registre Mercantil de Barcelona al Tom 47127, foli 166, secci\u00f3 8, full n\u00famero 145831, inscripci\u00f3 13<\/p>\n<p>Amb els l\u00edmits establerts en la llei, Consorci de Tr\u00e0nsit i Organitzaci\u00f3 Log\u00edstica a Mudances, S.L.U. no assumeix cap responsabilitat derivada de la falta de veracitat, integritat, actualitzaci\u00f3 i precisi\u00f3 de les dades o informacions que contenen les seves p\u00e0gines web.<\/p>\n<p>Els continguts i informaci\u00f3 no vinculen Consorci de Tr\u00e0nsit i Organitzaci\u00f3 Log\u00edstica a Mudances, S.L.U. ni constitueixen opinions, consells o assessorament legal de cap tipus ja que es tracta merament d&#8217; un servei ofert amb car\u00e0cter informatiu i divulgatiu.<\/p>\n<p>Les p\u00e0gines d&#8217;Internet de Consorci de Tr\u00e0nsit i Organitzaci\u00f3 Log\u00edstica a Mudances, S.L.U. poden contenir enlla\u00e7os (links) a altres p\u00e0gines de terceres parts que Consorci de Tr\u00e0nsit i Organitzaci\u00f3 Log\u00edstica a Mudances, S.L.U. no pot controlar. Per tant, Consorci de Tr\u00e0nsit i Organitzaci\u00f3 Log\u00edstica a Mudances, S.L.U. no pot assumir responsabilitats pel contingut que pugui apar\u00e8ixer en p\u00e0gines de tercers. <\/p>\n<p>Els textos, imatges, sons, animacions, programari i la resta de continguts inclosos en aquest website s\u00f3n propietat exclusiva de Consorci de Tr\u00e0nsit i Organitzaci\u00f3 Log\u00edstica en Mudances, S.L.U. o els seus llicenciants. Qualsevol acte de transmissi\u00f3, distribuci\u00f3, cessi\u00f3, reproducci\u00f3, emmagatzematge o comunicaci\u00f3 p\u00fablica total o parcial, haur\u00e0 de comptar amb el consentiment expr\u00e9s de Consorci de Tr\u00e0nsit i Organitzaci\u00f3 Log\u00edstica a Mudances, S.L.U.. <\/p>\n<p>Aix\u00ed mateix, per accedir a alguns dels serveis que Consorci de Tr\u00e0nsit i Organitzaci\u00f3 Log\u00edstica a Mudances, S.L.U. ofereix a trav\u00e9s del lloc web, haur\u00e0 de proporcionar algunes dades de car\u00e0cter personal. En compliment del que estableix el Reglament (UE) 2016\/679 del Parlament Europeu i del Consell, de 27 d&#8217;abril de 2016, relatiu a la protecci\u00f3 de les persones f\u00edsiques pel que fa al tractament de dades personals i a la lliure circulaci\u00f3 d&#8217;aquestes dades l&#8217;informem que, mitjan\u00e7ant l&#8217;emplenament dels presents formularis,  les seves dades personals quedaran incorporades i seran tractades en els fitxers de Consorci de Tr\u00e0nsit i Organitzaci\u00f3 Log\u00edstica en Mudances, S.L.U. per tal de poder-li prestar i oferir els nostres serveis aix\u00ed com per informar-lo de les millores del lloc Web. <\/p>\n<p>L&#8217;informem tamb\u00e9 que tindr\u00e0 la possibilitat en tot moment d&#8217;exercir els drets d&#8217;acc\u00e9s, rectificaci\u00f3, cancel\u00b7laci\u00f3, oposici\u00f3, limitaci\u00f3 i portabilitat de les seves dades de car\u00e0cter personal, de manera gratu\u00efta mitjan\u00e7ant email a: comercial@mudanzascontrol.com o a l&#8217;adre\u00e7a: Av. Prat de La Riba N\u00ba186 Nau 6, 08780 &#8211; Palleja (Barcelona). <\/p>\n","protected":false},"excerpt":{"rendered":"<p>AV\u00cdS LEGAL En compliment amb el deure d&#8217;informaci\u00f3 recollit a l&#8217;article 10 de la Llei 34\/2002, d&#8217;11 de juliol, de Serveis de la Societat de la Informaci\u00f3 i del Comer\u00e7 Electr\u00f2nic (LSSICE), el propietari del web , l&#8217;informa del seg\u00fcent:&hellip;<\/p>\n","protected":false},"author":5,"featured_media":0,"parent":0,"menu_order":0,"comment_status":"closed","ping_status":"closed","template":"","meta":{"footnotes":""},"class_list":["post-6532","page","type-page","status-publish","hentry"],"yoast_head":"<!-- This site is optimized with the Yoast SEO Premium plugin v27.1 (Yoast SEO v27.1.1) - https:\/\/yoast.com\/product\/yoast-seo-premium-wordpress\/ -->\n<title>Av\u00eds Legal | Mudanzas Control<\/title>\n<meta name=\"robots\" content=\"noindex, nofollow\" \/>\n<meta property=\"og:locale\" content=\"ca_ES\" \/>\n<meta property=\"og:type\" content=\"article\" \/>\n<meta property=\"og:title\" content=\"Av\u00eds Legal\" \/>\n<meta property=\"og:description\" content=\"AV\u00cdS LEGAL En compliment amb el deure d&#039;informaci\u00f3 recollit a l&#039;article 10 de la Llei 34\/2002, d&#039;11 de juliol, de Serveis de la Societat de la Informaci\u00f3\" \/>\n<meta property=\"og:url\" content=\"https:\/\/www.mudanzascontrol.com\/ca\/avis-legal\/\" \/>\n<meta property=\"og:site_name\" content=\"Mudanzas Control\" \/>\n<meta property=\"article:publisher\" content=\"https:\/\/es-es.facebook.com\/MudanzasControl\/\" \/>\n<meta property=\"og:image\" content=\"https:\/\/www.mudanzascontrol.com\/wp-content\/uploads\/2019\/05\/Mudanzas-Barcelona-Control-1.jpg\" \/>\n\t<meta property=\"og:image:width\" content=\"3780\" \/>\n\t<meta property=\"og:image:height\" content=\"2530\" \/>\n\t<meta property=\"og:image:type\" content=\"image\/jpeg\" \/>\n<meta name=\"twitter:card\" content=\"summary_large_image\" \/>\n<meta name=\"twitter:site\" content=\"@MudanzasControl\" \/>\n<meta name=\"twitter:label1\" content=\"Temps estimat de lectura\" \/>\n\t<meta name=\"twitter:data1\" content=\"3 minuts\" \/>\n<script type=\"application\/ld+json\" class=\"yoast-schema-graph\">{\"@context\":\"https:\/\/schema.org\",\"@graph\":[{\"@type\":\"WebPage\",\"@id\":\"https:\/\/www.mudanzascontrol.com\/ca\/avis-legal\/\",\"url\":\"https:\/\/www.mudanzascontrol.com\/ca\/avis-legal\/\",\"name\":\"Av\u00eds Legal | Mudanzas Control\",\"isPartOf\":{\"@id\":\"https:\/\/www.mudanzascontrol.com\/#website\"},\"datePublished\":\"2023-06-05T18:59:49+00:00\",\"breadcrumb\":{\"@id\":\"https:\/\/www.mudanzascontrol.com\/ca\/avis-legal\/#breadcrumb\"},\"inLanguage\":\"ca\",\"potentialAction\":[{\"@type\":\"ReadAction\",\"target\":[\"https:\/\/www.mudanzascontrol.com\/ca\/avis-legal\/\"]}]},{\"@type\":\"BreadcrumbList\",\"@id\":\"https:\/\/www.mudanzascontrol.com\/ca\/avis-legal\/#breadcrumb\",\"itemListElement\":[{\"@type\":\"ListItem\",\"position\":1,\"name\":\"Portada\",\"item\":\"https:\/\/www.mudanzascontrol.com\/ca\/inicio\/\"},{\"@type\":\"ListItem\",\"position\":2,\"name\":\"Av\u00eds Legal\"}]},{\"@type\":\"WebSite\",\"@id\":\"https:\/\/www.mudanzascontrol.com\/#website\",\"url\":\"https:\/\/www.mudanzascontrol.com\/\",\"name\":\"Mudanzas Control\",\"description\":\"Empresa de Mudanzas en Barcelona\",\"publisher\":{\"@id\":\"https:\/\/www.mudanzascontrol.com\/#organization\"},\"alternateName\":\"CONTROL Mudanzas Barcelona\",\"potentialAction\":[{\"@type\":\"SearchAction\",\"target\":{\"@type\":\"EntryPoint\",\"urlTemplate\":\"https:\/\/www.mudanzascontrol.com\/?s={search_term_string}\"},\"query-input\":{\"@type\":\"PropertyValueSpecification\",\"valueRequired\":true,\"valueName\":\"search_term_string\"}}],\"inLanguage\":\"ca\"},{\"@type\":\"Organization\",\"@id\":\"https:\/\/www.mudanzascontrol.com\/#organization\",\"name\":\"CONTROL Mudanzas\",\"url\":\"https:\/\/www.mudanzascontrol.com\/\",\"logo\":{\"@type\":\"ImageObject\",\"inLanguage\":\"ca\",\"@id\":\"https:\/\/www.mudanzascontrol.com\/#\/schema\/logo\/image\/\",\"url\":\"https:\/\/www.mudanzascontrol.com\/wp-content\/uploads\/2019\/08\/Control-Mudanzas-Barcelona.jpg\",\"contentUrl\":\"https:\/\/www.mudanzascontrol.com\/wp-content\/uploads\/2019\/08\/Control-Mudanzas-Barcelona.jpg\",\"width\":500,\"height\":125,\"caption\":\"CONTROL Mudanzas\"},\"image\":{\"@id\":\"https:\/\/www.mudanzascontrol.com\/#\/schema\/logo\/image\/\"},\"sameAs\":[\"https:\/\/es-es.facebook.com\/MudanzasControl\/\",\"https:\/\/x.com\/MudanzasControl\",\"https:\/\/www.instagram.com\/mudanzascontrol\/\",\"https:\/\/www.linkedin.com\/company\/control-mudanzas-sl\",\"https:\/\/www.pinterest.es\/mudanzascontrol\/\",\"https:\/\/www.youtube.com\/user\/Guardamuebles1\"],\"description\":\"Empresa de mudanzas ubicada en Barcelona\",\"email\":\"comercial@mudanzascontrol.com\",\"telephone\":\"933340100\",\"legalName\":\"CONSORCIO DE TRANSITO Y ORGANIZACI\u00d3N LOG\u00cdSTICA EN MUDANZAS, SLU\",\"vatID\":\"B61104253\",\"taxID\":\"B61104253\",\"numberOfEmployees\":{\"@type\":\"QuantitativeValue\",\"minValue\":\"11\",\"maxValue\":\"50\"}}]}<\/script>\n<!-- \/ Yoast SEO Premium plugin. -->","yoast_head_json":{"title":"Av\u00eds Legal | Mudanzas Control","robots":{"index":"noindex","follow":"nofollow"},"og_locale":"ca_ES","og_type":"article","og_title":"Av\u00eds Legal","og_description":"AV\u00cdS LEGAL En compliment amb el deure d'informaci\u00f3 recollit a l'article 10 de la Llei 34\/2002, d'11 de juliol, de Serveis de la Societat de la Informaci\u00f3","og_url":"https:\/\/www.mudanzascontrol.com\/ca\/avis-legal\/","og_site_name":"Mudanzas Control","article_publisher":"https:\/\/es-es.facebook.com\/MudanzasControl\/","og_image":[{"width":3780,"height":2530,"url":"https:\/\/www.mudanzascontrol.com\/wp-content\/uploads\/2019\/05\/Mudanzas-Barcelona-Control-1.jpg","type":"image\/jpeg"}],"twitter_card":"summary_large_image","twitter_site":"@MudanzasControl","twitter_misc":{"Temps estimat de lectura":"3 minuts"},"schema":{"@context":"https:\/\/schema.org","@graph":[{"@type":"WebPage","@id":"https:\/\/www.mudanzascontrol.com\/ca\/avis-legal\/","url":"https:\/\/www.mudanzascontrol.com\/ca\/avis-legal\/","name":"Av\u00eds Legal | Mudanzas Control","isPartOf":{"@id":"https:\/\/www.mudanzascontrol.com\/#website"},"datePublished":"2023-06-05T18:59:49+00:00","breadcrumb":{"@id":"https:\/\/www.mudanzascontrol.com\/ca\/avis-legal\/#breadcrumb"},"inLanguage":"ca","potentialAction":[{"@type":"ReadAction","target":["https:\/\/www.mudanzascontrol.com\/ca\/avis-legal\/"]}]},{"@type":"BreadcrumbList","@id":"https:\/\/www.mudanzascontrol.com\/ca\/avis-legal\/#breadcrumb","itemListElement":[{"@type":"ListItem","position":1,"name":"Portada","item":"https:\/\/www.mudanzascontrol.com\/ca\/inicio\/"},{"@type":"ListItem","position":2,"name":"Av\u00eds Legal"}]},{"@type":"WebSite","@id":"https:\/\/www.mudanzascontrol.com\/#website","url":"https:\/\/www.mudanzascontrol.com\/","name":"Mudanzas Control","description":"Empresa de Mudanzas en Barcelona","publisher":{"@id":"https:\/\/www.mudanzascontrol.com\/#organization"},"alternateName":"CONTROL Mudanzas Barcelona","potentialAction":[{"@type":"SearchAction","target":{"@type":"EntryPoint","urlTemplate":"https:\/\/www.mudanzascontrol.com\/?s={search_term_string}"},"query-input":{"@type":"PropertyValueSpecification","valueRequired":true,"valueName":"search_term_string"}}],"inLanguage":"ca"},{"@type":"Organization","@id":"https:\/\/www.mudanzascontrol.com\/#organization","name":"CONTROL Mudanzas","url":"https:\/\/www.mudanzascontrol.com\/","logo":{"@type":"ImageObject","inLanguage":"ca","@id":"https:\/\/www.mudanzascontrol.com\/#\/schema\/logo\/image\/","url":"https:\/\/www.mudanzascontrol.com\/wp-content\/uploads\/2019\/08\/Control-Mudanzas-Barcelona.jpg","contentUrl":"https:\/\/www.mudanzascontrol.com\/wp-content\/uploads\/2019\/08\/Control-Mudanzas-Barcelona.jpg","width":500,"height":125,"caption":"CONTROL Mudanzas"},"image":{"@id":"https:\/\/www.mudanzascontrol.com\/#\/schema\/logo\/image\/"},"sameAs":["https:\/\/es-es.facebook.com\/MudanzasControl\/","https:\/\/x.com\/MudanzasControl","https:\/\/www.instagram.com\/mudanzascontrol\/","https:\/\/www.linkedin.com\/company\/control-mudanzas-sl","https:\/\/www.pinterest.es\/mudanzascontrol\/","https:\/\/www.youtube.com\/user\/Guardamuebles1"],"description":"Empresa de mudanzas ubicada en Barcelona","email":"comercial@mudanzascontrol.com","telephone":"933340100","legalName":"CONSORCIO DE TRANSITO Y ORGANIZACI\u00d3N LOG\u00cdSTICA EN MUDANZAS, SLU","vatID":"B61104253","taxID":"B61104253","numberOfEmployees":{"@type":"QuantitativeValue","minValue":"11","maxValue":"50"}}]}},"_links":{"self":[{"href":"https:\/\/www.mudanzascontrol.com\/ca\/wp-json\/wp\/v2\/pages\/6532","targetHints":{"allow":["GET"]}}],"collection":[{"href":"https:\/\/www.mudanzascontrol.com\/ca\/wp-json\/wp\/v2\/pages"}],"about":[{"href":"https:\/\/www.mudanzascontrol.com\/ca\/wp-json\/wp\/v2\/types\/page"}],"author":[{"embeddable":true,"href":"https:\/\/www.mudanzascontrol.com\/ca\/wp-json\/wp\/v2\/users\/5"}],"replies":[{"embeddable":true,"href":"https:\/\/www.mudanzascontrol.com\/ca\/wp-json\/wp\/v2\/comments?post=6532"}],"version-history":[{"count":0,"href":"https:\/\/www.mudanzascontrol.com\/ca\/wp-json\/wp\/v2\/pages\/6532\/revisions"}],"wp:attachment":[{"href":"https:\/\/www.mudanzascontrol.com\/ca\/wp-json\/wp\/v2\/media?parent=6532"}],"curies":[{"name":"wp","href":"https:\/\/api.w.org\/{rel}","templated":true}]}}

Avís Legal

<h1>AVÍS LEGAL</h1>
<p>En compliment amb el deure d&#8217;informació recollit a l&#8217;article 10 de la Llei 34/2002, d&#8217;11 de juliol, de Serveis de la Societat de la Informació i del Comerç Electrònic (LSSICE), el propietari del web , l&#8217;informa del següent:</p>
<p>Denominació social: Consorci de Trànsit i Organització Logística a Mudanzas, S.L.U.</p>
<p>NIF: B61104253</p>
<p>Domicili: Av. Prat de La Riba Nº186 Nau 6, 08780 &#8211; Palleja (Barcelona) </p>
<p>Inscrita al Registre Mercantil de Barcelona al Tom 47127, foli 166, secció 8, full número 145831, inscripció 13</p>
<p>Amb els límits establerts en la llei, Consorci de Trànsit i Organització Logística a Mudances, S.L.U. no assumeix cap responsabilitat derivada de la falta de veracitat, integritat, actualització i precisió de les dades o informacions que contenen les seves pàgines web.</p>
<p>Els continguts i informació no vinculen Consorci de Trànsit i Organització Logística a Mudances, S.L.U. ni constitueixen opinions, consells o assessorament legal de cap tipus ja que es tracta merament d&#8217; un servei ofert amb caràcter informatiu i divulgatiu.</p>
<p>Les pàgines d&#8217;Internet de Consorci de Trànsit i Organització Logística a Mudances, S.L.U. poden contenir enllaços (links) a altres pàgines de terceres parts que Consorci de Trànsit i Organització Logística a Mudances, S.L.U. no pot controlar. Per tant, Consorci de Trànsit i Organització Logística a Mudances, S.L.U. no pot assumir responsabilitats pel contingut que pugui aparèixer en pàgines de tercers. </p>
<p>Els textos, imatges, sons, animacions, programari i la resta de continguts inclosos en aquest website són propietat exclusiva de Consorci de Trànsit i Organització Logística en Mudances, S.L.U. o els seus llicenciants. Qualsevol acte de transmissió, distribució, cessió, reproducció, emmagatzematge o comunicació pública total o parcial, haurà de comptar amb el consentiment exprés de Consorci de Trànsit i Organització Logística a Mudances, S.L.U.. </p>
<p>Així mateix, per accedir a alguns dels serveis que Consorci de Trànsit i Organització Logística a Mudances, S.L.U. ofereix a través del lloc web, haurà de proporcionar algunes dades de caràcter personal. En compliment del que estableix el Reglament (UE) 2016/679 del Parlament Europeu i del Consell, de 27 d&#8217;abril de 2016, relatiu a la protecció de les persones físiques pel que fa al tractament de dades personals i a la lliure circulació d&#8217;aquestes dades l&#8217;informem que, mitjançant l&#8217;emplenament dels presents formularis,  les seves dades personals quedaran incorporades i seran tractades en els fitxers de Consorci de Trànsit i Organització Logística en Mudances, S.L.U. per tal de poder-li prestar i oferir els nostres serveis així com per informar-lo de les millores del lloc Web. </p>
<p>L&#8217;informem també que tindrà la possibilitat en tot moment d&#8217;exercir els drets d&#8217;accés, rectificació, cancel·lació, oposició, limitació i portabilitat de les seves dades de caràcter personal, de manera gratuïta mitjançant email a: comercial@mudanzascontrol.com o a l&#8217;adreça: Av. Prat de La Riba Nº186 Nau 6, 08780 &#8211; Palleja (Barcelona). </p>

<p>AVÍS LEGAL En compliment amb el deure d&#8217;informació recollit a l&#8217;article 10 de la Llei 34/2002, d&#8217;11 de juliol, de Serveis de la Societat de la Informació i del Comerç Electrònic (LSSICE), el propietari del web , l&#8217;informa del següent:&hellip;</p>

<!-- This site is optimized with the Yoast SEO Premium plugin v27.1 (Yoast SEO v27.1.1) - https://yoast.com/product/yoast-seo-premium-wordpress/ -->
<title>Avís Legal | Mudanzas Control</title>
<meta name="robots" content="noindex, nofollow" />
<meta property="og:locale" content="ca_ES" />
<meta property="og:type" content="article" />
<meta property="og:title" content="Avís Legal" />
<meta property="og:description" content="AVÍS LEGAL En compliment amb el deure d&#039;informació recollit a l&#039;article 10 de la Llei 34/2002, d&#039;11 de juliol, de Serveis de la Societat de la Informació" />
<meta property="og:url" content="https://www.mudanzascontrol.com/ca/avis-legal/" />
<meta property="og:site_name" content="Mudanzas Control" />
<meta property="article:publisher" content="https://es-es.facebook.com/MudanzasControl/" />
<meta property="og:image" content="https://www.mudanzascontrol.com/wp-content/uploads/2019/05/Mudanzas-Barcelona-Control-1.jpg" />
	<meta property="og:image:width" content="3780" />
	<meta property="og:image:height" content="2530" />
	<meta property="og:image:type" content="image/jpeg" />
<meta name="twitter:card" content="summary_large_image" />
<meta name="twitter:site" content="@MudanzasControl" />
<meta name="twitter:label1" content="Temps estimat de lectura" />
	<meta name="twitter:data1" content="3 minuts" />
<script type="application/ld+json" class="yoast-schema-graph">{"@context":"https://schema.org","@graph":[{"@type":"WebPage","@id":"https://www.mudanzascontrol.com/ca/avis-legal/","url":"https://www.mudanzascontrol.com/ca/avis-legal/","name":"Avís Legal | Mudanzas Control","isPartOf":{"@id":"https://www.mudanzascontrol.com/#website"},"datePublished":"2023-06-05T18:59:49+00:00","breadcrumb":{"@id":"https://www.mudanzascontrol.com/ca/avis-legal/#breadcrumb"},"inLanguage":"ca","potentialAction":[{"@type":"ReadAction","target":["https://www.mudanzascontrol.com/ca/avis-legal/"]}]},{"@type":"BreadcrumbList","@id":"https://www.mudanzascontrol.com/ca/avis-legal/#breadcrumb","itemListElement":[{"@type":"ListItem","position":1,"name":"Portada","item":"https://www.mudanzascontrol.com/ca/inicio/"},{"@type":"ListItem","position":2,"name":"Avís Legal"}]},{"@type":"WebSite","@id":"https://www.mudanzascontrol.com/#website","url":"https://www.mudanzascontrol.com/","name":"Mudanzas Control","description":"Empresa de Mudanzas en Barcelona","publisher":{"@id":"https://www.mudanzascontrol.com/#organization"},"alternateName":"CONTROL Mudanzas Barcelona","potentialAction":[{"@type":"SearchAction","target":{"@type":"EntryPoint","urlTemplate":"https://www.mudanzascontrol.com/?s={search_term_string}"},"query-input":{"@type":"PropertyValueSpecification","valueRequired":true,"valueName":"search_term_string"}}],"inLanguage":"ca"},{"@type":"Organization","@id":"https://www.mudanzascontrol.com/#organization","name":"CONTROL Mudanzas","url":"https://www.mudanzascontrol.com/","logo":{"@type":"ImageObject","inLanguage":"ca","@id":"https://www.mudanzascontrol.com/#/schema/logo/image/","url":"https://www.mudanzascontrol.com/wp-content/uploads/2019/08/Control-Mudanzas-Barcelona.jpg","contentUrl":"https://www.mudanzascontrol.com/wp-content/uploads/2019/08/Control-Mudanzas-Barcelona.jpg","width":500,"height":125,"caption":"CONTROL Mudanzas"},"image":{"@id":"https://www.mudanzascontrol.com/#/schema/logo/image/"},"sameAs":["https://es-es.facebook.com/MudanzasControl/","https://x.com/MudanzasControl","https://www.instagram.com/mudanzascontrol/","https://www.linkedin.com/company/control-mudanzas-sl","https://www.pinterest.es/mudanzascontrol/","https://www.youtube.com/user/Guardamuebles1"],"description":"Empresa de mudanzas ubicada en Barcelona","email":"comercial@mudanzascontrol.com","telephone":"933340100","legalName":"CONSORCIO DE TRANSITO Y ORGANIZACIÓN LOGÍSTICA EN MUDANZAS, SLU","vatID":"B61104253","taxID":"B61104253","numberOfEmployees":{"@type":"QuantitativeValue","minValue":"11","maxValue":"50"}}]}</script>
<!-- / Yoast SEO Premium plugin. -->

Avís Legal | Mudanzas Control

AVÍS LEGAL En compliment amb el deure d'informació recollit a l'article 10 de la Llei 34/2002, d'11 de juliol, de Serveis de la Societat de la Informació

CONSORCIO DE TRANSITO Y ORGANIZACIÓN LOGÍSTICA EN MUDANZAS, SLU
